3. Suppose 3*q - 9 = -3*y, 2*y - 5*y = 0. Let x be (-2)/(q - r)*5. Let g(c) = -c**2 - 4*c + 2. Give g(x).
-3
Let m(c) = -4*c**2 + 9*c. Let d(w) be the third derivative of 11*w**5/60 - 13*w**4/12 - 3*w**2. Let s(t) = -6*d(t) - 17*m(t). What is s(-2)?
2
Let i be 4 - (0 + 1)*2. Let o(l) = 2*l**3 + l**2 + l + 2. Determine o(i).
24
Let q = -2 + 7. Suppose q*v = -0*v - 20. Let g(x) = x + 2. Let b(u) = -1. Let y(d) = v*b(d) - g(d). What is y(4)?
-2
Let b(r) be the first derivative of -9*r**2/2 + 6. Let m(v) = -v**2 - 5*v + 1. Let h be m(-5). Give b(h).
-9
Let x = 5 - -3. Let m(t) = -t**2 + 10*t. Determine m(x).
16
Let m be (5 - 2)*-1*1. Let v(s) = -s**2. Let q(y) = 3*y**2 - 3*y - 3. Let u(j) = -q(j) - 4*v(j). What is u(m)?
3
Let w(h) = h**3 - h + 1. Let t(g) = -g**2 + 4*g + 3. Let v be t(5). Let p be w(v). Let n(y) = -y**3 - 6*y**2 - 5*y - 1. Determine n(p).
-1
Let h(r) = r**2 - 6*r + 9. Let c be h(4). Let b(u) = 4*u + 1. Calculate b(c).
5
Let v(o) be the third derivative of o**5/60 - o**4/6 + 2*o**3/3 + 5*o**2. What is v(4)?
4
Let f(q) = -3*q + q + 7*q - 2*q. What is f(-2)?
-6
Let m(d) be the third derivative of d**4/12 + d**3/2 + 18*d**2. Let h be (-3)/(2/(16/6)). Determine m(h).
-5
Let n(x) = 13 + 14*x - x**2 + 6*x - 19*x. What is n(0)?
13
Let b(o) = -2*o**2 + o**2 - 1 + o**3 - o + 2*o**2. Let f(x) = -2*x - 21. Let n be f(-10). What is b(n)?
0
Let i(p) be the third derivative of -p**5/60 + p**4/24 - p**2. Let v(x) = -2*x**2 + 9*x + 2. Let t(c) = 5*i(c) - v(c). Suppose 0*j = 4*j + 8. What is t(j)?
-6
Let i(v) = -v**3 + 4*v**2 - 3*v**2 - 2*v - 6 - 5*v**2. Give i(-4).
2
Suppose 4*c = -2*i + 6 + 4, i = -4*c + 13. Let o be 2*(4 + i + 1). Let g(p) = -p**3 + 4*p**2 + p + 2. Determine g(o).
6
Let m(x) be the third derivative of -x**5/60 - x**4/24 + x**3/3 + 2*x**2 - 5*x. What is m(-2)?
0
Let p(j) = 6*j + 3. Let x(k) = 5*k + 3. Let c(b) = 6*p(b) - 7*x(b). Determine c(8).
5
Let k be ((-6)/(-9))/((-2)/(-21)). Suppose v + 0*v - k = 0. Let s(c) = v*c + 0*c**2 - 2*c**2 - 1 + 3*c**2. Determine s(-6).
-7
Let t(w) = -2*w - 6. Let g(q) = q + 6. Let m(r) = 3*g(r) + 2*t(r). Let h(o) = 1. Let l(k) = -4*h(k) + m(k). Suppose 5*d = -17 - 3. Give l(d).
6
Let y(x) = -x + 9. Suppose c + 6 = 2*t, 15 = c + t + 4*t. Calculate y(c).
9
Let y(u) = u - 2. Let a(x) = -5*x + 9. Let i(z) = 2*a(z) + 9*y(z). Suppose -17*f + 8 = -9*f. Determine i(f).
-1
Let s(f) be the first derivative of -f**2/2 + 7*f + 2. Let r be s(6). Let n(o) = o**2 - o. Give n(r).
0
Suppose -4*q + 5*l - 1 = 0, -3*q + l + 0 = -13. Let f(c) = c**3 - 7*c**2 + 8*c + 1. What is f(q)?
13
Let f(p) = p + 1. Let o(w) = w + 1. Let s(n) = f(n) - 2*o(n). Let t(v) = 20*v + 24. Let h(l) = -24*s(l) - t(l). Give h(2).
8
Let v(s) = 2*s**2 + 2*s. Let b = -13 + 11. What is v(b)?
4
Let p(m) = -14*m + 2. Let g(a) = -7*a + 1. Let d(x) = -7*g(x) + 4*p(x). Let i(f) = -f + 2. Let q be i(7). Let u = q - -6. Calculate d(u).
-6
Let c(f) be the second derivative of -f**5/20 - f**4/2 - f**3/6 - 4*f**2 - 27*f. Let z = -15 - -2. Let w = z + 7. Calculate c(w).
-2
Let c(b) be the first derivative of 3*b**2 - 2/3*b**3 - 3 + 0*b. Suppose 4*y - 12 = y. Give c(y).
-8
Suppose 5*y - 3*w + 2*w = 16, 4*y - 15 = 3*w. Let l(i) = y + i - 2 + 3. Calculate l(3).
7
Let k(b) = b**3 - b. Let n be (0/(-1))/(-1) - 8. Let v be ((-4)/(-5))/(n/(-20)). Suppose -r - 1 + v = 0. Give k(r).
0
Suppose -h + 8 = 3, -4*h = 3*v - 47. Let p(z) = -z + 15. What is p(v)?
6
Let g(c) = c + 1. Let j be g(0). Let w(r) = -47*r - 1 - 43*r + 92*r. Give w(j).
1
Let l(t) = t. Let i(a) = a + 9. Let k be i(-14). Give l(k).
-5
Let h(s) = -4*s**2 - 4 + 5*s**2 + 3*s + 2*s + 3*s. Let b be h(-9). Let m(t) = t**2 - 5*t + 6. Determine m(b).
6
Let u(p) = 6*p**2 - 2*p + 2. Let w(z) = -3 - z**2 + 1 + 3*z - 4*z**2. Let n(g) = 4*u(g) + 5*w(g). Let l be (-2)/(-3) - (1 + (-20)/6). Calculate n(l).
10
Let n(a) = 12*a. Suppose 3*m = 2*m + 23. Let v = 24 - m. What is n(v)?
12
Let r be 11*1 + 7 + -10. Let y(l) = -l**2 + 8*l + 3. Give y(r).
3
Let v(x) be the first derivative of x**3/2 + 3*x**2/2 - 2*x + 6. Let c(g) be the first derivative of v(g). Calculate c(-6).
-15
Let k(t) be the second derivative of -t**5/20 + t**3/6 + 2*t**2 - 3*t. Determine k(0).
4
Suppose i - 100 = 6*i. Let d = 18 + i. Let j(y) = y**3 + 3*y**2 - 2. Give j(d).
2
Let v(q) be the third derivative of -q**7/840 + q**6/72 + q**5/15 - 3*q**4/8 + q**3/2 + q**2. Let k(x) be the first derivative of v(x). What is k(6)?
3
Let f = -1 - 1. Suppose -4*i - 10 = -6*i. Let k(m) = 5 - m**2 - m - i. Determine k(f).
-2
Let l be (-2)/(-3)*(0 - -3). Let a(z) = z**3 - 3*z**2 + 3*z. Let g(t) = 5*t**3 - 16*t**2 + 15*t + 1. Let d(c) = 11*a(c) - 2*g(c). Determine d(l).
8
Let m(o) = -5*o**2 + 6*o + 12. Let z(v) = -14*v**2 + 18*v + 35. Let x(y) = 11*m(y) - 4*z(y). Give x(6).
-8
Suppose 7 = -4*m + 31. Let p(a) = -a**3 + 5*a**2 + 8*a + 2. Determine p(m).
14
Let u be (6 + 0)/2 + 1. Let j(h) be the second derivative of h**3/6 - h**2/2 + 3*h - 2. What is j(u)?
3
Suppose -5 - 25 = -6*g. Let l(p) = 2*p - 5. Let f(q) = 2*q - 5. Let d(k) = -5*f(k) + 4*l(k). Determine d(g).
-5
Suppose -3*i = -172 + 187. Let y(u) = 3*u - 4*u + 4 + 2*u. What is y(i)?
-1
Suppose -5*z - 5*s = 5, -10 = -5*z - 0*s - 2*s. Suppose 3*u - 13 = -4. Let q(g) = g + 3*g**3 - 3 - g - 4*g**u + 3*g**2 + 3*g. What is q(z)?
-7
Let g(f) = -f**2 + 5*f - 4. Suppose 4*r = -2*z + 4, 3*r + 8 = -r + z. Let v be r/(2/(-24)*2). Let b(k) = k**2 - 5*k - 2. Let u be b(v). Give g(u).
0
Let r(n) = -7*n + 4*n + 5*n**2 + 7*n + n**3 + 6. What is r(-5)?
-14
Let t(s) = s**2 + 2*s + 1. Let x be t(-3). Suppose 8 = -x*j + 2*j. Let a be (-6)/j*16/6. Let h(b) = b**3 - 3*b**2 - 5*b - 2. Determine h(a).
-6
Let l(g) be the first derivative of g**4/4 - 5*g**3/3 - 3*g**2 + g - 4. Give l(6).
1
Suppose 0 = -4*o + 2*o + 18. Suppose -a - o = -4. Let l(h) = h**3 + 4*h**2 - 7*h - 7. What is l(a)?
3
Let h be -1 + 1/2*4. Let i(m) = -4 + 2 - h + m - 3. What is i(0)?
-6
Let p(x) = 2*x + 1. Let a = -3 - -2. Let f be p(a). Let q(g) = g + 3 + 2 - 4. Determine q(f).
0
Let y(a) = -3 + 0 + a - 5. Suppose -4*s = -15 - 1. Determine y(s).
-4
Suppose 20 = -0*j + 5*j + 5*f, 0 = j - 2*f - 10. Suppose 4*r = j*r + 12. Let q(y) = -y**3 - 5*y**2 + 5*y - 6. Determine q(r).
0
Let z(n) = -n + 1. Let x(t) = -2*t**2 - 8*t + 3. Let b be x(-4). What is z(b)?
-2
Let h = -16 + 16. Let q(u) be the third derivative of 1/3*u**3 - 1/6*u**4 - 2*u**2 + 0*u + h. Calculate q(-2).
10
Let k(m) = m - 4. Suppose 4*b - 30 = -b. Let n be k(b). Let g(t) = -4*t**2 - 8 + 5*t**2 + 10. Calculate g(n).
6
Let h(n) = -2*n**2 + 18*n**3 + 0*n - 4*n + 3*n - 17*n**3 + 3. Give h(3).
9
Let y(s) be the second derivative of -1/3*s**4 + 5/6*s**3 + 0 + 1/20*s**5 - 2*s + 5/2*s**2. Let h(o) = -o**2 + o + 1. Let u(t) = -4*h(t) + y(t). What is u(-1)?
-1
Suppose 0 = -2*d - 3*f, 6*f = 2*d + 4*f. Let y(p) be the second derivative of p**5/20 - p**4/12 + p**3/6 - p**2/2 - p. What is y(d)?
-1
Suppose -3*r = -0 - 3, 2*o = 5*r - 7. Let x be -1 + 2 + (o - -1). Let p(z) = 1 + 4 - 2*z - 2*z**3 + z**2 - 4. Give p(x).
-2
Let i = -20 - -40. Suppose 4*j + i = -0*j. Let o(u) = u - 1 + 4*u**3 - 3*u**3 - 4*u**2 + 9*u**2. What is o(j)?
-6
Suppose -2*w = -4*k + 12, -4*w + 12 = k - 9*w. Let u be -1 + k + -3 + 3. Let c(g) = 11*g**2 - g + 1. Give c(u).
11
Let r(l) = 4*l**3 + l + 1. Let s be r(-1). Suppose 0 = -2*q + 3*q - 1, -3*t = -2*q - 10. Let a(d) = -4*d + t*d - 1 + d + 0*d. What is a(s)?
-5
Let y(z) = -z**3 - z - 2. Suppose w - 3 = 5*s + 2, s = -3*w + 15. Suppose 25 = 5*c, w*r - c = r - 13. Let d be 10/(-4) + (-1)/r. Calculate y(d).
8
Let c = 11 + -17. Suppose -4*o = -3 - 21. Let h(j) = 5*j - 5*j + 4*j + j**2 + 0*j**2 - o. Give h(c).
6
Let k(i) be the first derivative of 1/12*i**4 - i - 2 + 3/2*i**2 - i**3. Let n(w) be the first derivative of k(w). Give n(4).
-5
Let c = -4 + 10. Let h = c - 4. Let p(k) = -k**2 - 3 + 6*k - 2*k**2 + h*k**2. What is p(5)?
2
Let f(c) be the third derivative of 0*c + 0 + 2/3*c**3 - 2*c**2 - 1/24*c**4. Let w(o) = o**3 - 2*o + 1. Let z be w(2). Determine f(z).
-1
Let s(g) = 0*g - g**2 + 3*g**2 + 1 - 3*g - 3*g**2. Give s(-4).
-3
Let f(v) = v**2 - 5*v - 1. Let z(i) = 2*i**2 - 11*i - 2. Let t(h) = 9*f(h) - 4*z(h). Determine t(3).
5
Let k be (-16)/7 + 2/7. Suppose 0 = -4*u - 8, q - 3*q = 2*u - 8. Let